= -2*g - g + 92. Suppose 15*s + 72 = g*s. Calculate the greatest common factor of h and s.
4
Let n = -569 - -717. What is the highest common factor of n and 407?
37
Let c(r) = 4*r**2 + r. Let y be c(1). Suppose -y*z + 52 = -z. Suppose 3*u = 3*w - 39, 2*w + u + 0*u - 26 = 0. What is the greatest common divisor of z and w?
13
Suppose 990 = 21*g - 3*g. What is the greatest common factor of g and 440?
55
Let o = -12 + 14. Suppose -o*r = -4*z - 2, 0 = 4*z + r - 2*r + 5. Let n(h) = -11*h. Let l be n(z). What is the greatest common factor of 198 and l?
22
Let k(a) be the third derivative of 17*a**4/24 - 3*a**2. Let o be k(1). Let l be (-1528)/(-8) + (-5 - -1). What is the greatest common factor of l and o?
17
Let r be ((-2)/2 - -109) + 0. Let v(y) = 5*y**2 - 167*y + 168. Let g be v(1). What is the greatest common factor of g and r?
6
Let c(u) be the third derivative of u**4/8 - 17*u**3/6 + 8*u**2. Let m be c(10). What is the highest common divisor of 65 and m?
13
Let z be -8 + 173 + -3 + 9. Calculate the greatest common divisor of z and 57.
57
Let a(r) = -7*r + 7. Let g be a(-7). Let p be 7/((-15)/10 - -2). Let w(d) = d - 7. Let u be w(p). What is the greatest common factor of u and g?
7
Let g be 804/66 - 6/33. Let f(c) = -6*c**3 - 5*c**2 + 2*c - 3. Let m be f(-3). Calculate the highest common factor of g and m.
12
Suppose 2*p - 145 = -v, -4*p + 5*v = -407 + 96. Let s = p - 68. What is the highest common factor of s and 66?
6
Let s = -37 - -62. Let o(x) = x - 13. Let q be o(14). Let n(b) = 5*b**3 - b**2 + b. Let w be n(q). Calculate the greatest common factor of s and w.
5
Let k(b) = -b**3 + 7*b**2 - 4*b - 13. Let s be k(6). Let l = -2 - -3. Let z be (l - 0)/(s/(-17)). What is the highest common divisor of z and 51?
17
Let v = 70 + -41. Suppose 5*g - 99 + v = 0. Suppose -g = -2*f - 4. What is the highest common factor of 1 and f?
1
Let l(m) = m**2 - 7*m + 1. Let z be l(-5). Let w = -21 + z. Calculate the highest common divisor of w and 200.
40
Let p be ((-5)/(-2))/((-11)/(-44)). Suppose 2*o + 2*m = p, -2*m = -4*o + 12 + 20. Calculate the greatest common factor of o and 14.
7
Suppose 3 = x, 2*w - 3*w + 1878 = -4*x. What is the highest common divisor of w and 15?
15
Let r = -346 + 619. Suppose r = -8*v + 21*v. Calculate the greatest common divisor of 21 and v.
21
Let u(p) = 361*p**3 + p**2 - 4*p + 2. Let k be u(1). Calculate the greatest common divisor of k and 45.
45
Suppose 0 = -8*k + 39 - 7. Suppose -3*i = -3*t + 14 + 1, 4*i - 12 = -k*t. Calculate the greatest common divisor of t and 32.
4
Let z(n) be the third derivative of -n**6/120 - 2*n**5/15 - n**4/8 - 10*n**3/3 + 3*n**2. Let v be z(-8). What is the greatest common factor of v and 14?
2
Let y(h) = -4*h - 45. Let w be y(-13). Let t be 9 - w - 0*(-1)/2. What is the greatest common divisor of t and 32?
2
Let g(w) = -24*w**2 + w - 2. Let m be g(-4). Let z = 205 + m. Let i = -125 - z. What is the highest common divisor of 20 and i?
20
Suppose -8 = -4*y + 8. Suppose 150 = y*g + g. Suppose 0*u = -5*u + 75. Calculate the greatest common divisor of u and g.
15
Let r(f) = 2*f**3 - 3*f**2 + 2*f - 1. Suppose 2*o - 4 = -0*o. Let g be r(o). What is the greatest common factor of g and 14?
7
Suppose -4*u = -5*i + 19, i - 5*u = -3 + 11. Let y be i + 39 + -1 + 1. Let a = -1 - -15. What is the highest common factor of y and a?
14
Let m be (174/(-12))/((-8)/32). Calculate the greatest common divisor of 87 and m.
29
Let f = 499 + -438. What is the highest common divisor of f and 183?
61
Let c be (105/(-14) - -5)/((-1)/2). Let o(w) = 56*w**2 - 1. Let t be o(1). Calculate the highest common divisor of c and t.
5
Suppose 0 = -0*a + 4*a - 40. Let f = -9 + a. Calculate the highest common divisor of f and 8.
1
Suppose 82 + 38 = a. Suppose u = -4*u + a. Let j = -162 - -354. Calculate the greatest common divisor of j and u.
24
Let b be 9*(-4)/16*-4. Let q(m) = -m**3 + 8*m**2 + 12*m - 6. Let i be q(b). Calculate the greatest common factor of i and 3.
3
Let d(g) = 23*g + 1. Let y be d(1). Let z = -199 + 192. Let a = -1 - z. What is the highest common factor of a and y?
6
Let d(w) = 2*w**2 + 2. Let j be d(-2). Let b(y) = 13*y**2 + 8*y - 5. Let v be b(5). Suppose 0*f = -9*f + v. Calculate the highest common factor of j and f.
10
Suppose -1083 - 9 = -3*f. Calculate the greatest common divisor of 104 and f.
52
Suppose d - 5*d = -2*b + 762, 0 = -3*d - 9. Calculate the highest common divisor of 50 and b.
25
Let g = 20 + -13. Suppose 3*p = g*p - 16. Suppose p*b - 116 = 104. Calculate the greatest common factor of 5 and b.
5
Let h be 87/6 - (-2)/(-4). Let k = 702 - 695. What is the highest common factor of h and k?
7
Suppose 0*u - 2*u + 234 = 0. Let t = u - 71. Let p(k) = 16*k**2 - 2*k + 1. Let w be p(-2). What is the greatest common divisor of w and t?
23
Suppose -217*t + 252*t = 4830. Calculate the highest common factor of 230 and t.
46
Suppose 3*j + u = 2432, -8*j + 3*u = -3*j - 4044. Calculate the highest common factor of 10 and j.
10
Suppose 0 = -p - 2, 3*a - 6*p = -5*p + 245. Suppose 3*c - 172 = -2*i, i - 15 = -2*i. Calculate the highest common factor of a and c.
27
Let l = -18 + 20. Suppose l*w - 7 = 9. Suppose 15 = 3*c, -5*c = -3*o - o + 71. What is the highest common factor of w and o?
8
Let b(c) = -c**3 + 22*c**2 + 17*c + 150. Let r be b(23). Calculate the greatest common factor of 822 and r.
6
Let m(r) = 2*r**3 + 50*r**2 - 22*r - 121. Let d be m(-23). Calculate the highest common factor of d and 41.
41
Suppose -4*g + 12 = 0, 3*r - 2*g - 11 = 7. What is the greatest common divisor of 272 and r?
8
Suppose 6 = 2*g - 0. Suppose n = -g*n + 8. Suppose -5*x + 7 = n*m + 2*m, 4*m - 9 = -3*x. Calculate the highest common divisor of 27 and m.
3
Let k(n) = -33*n**3 - n**2 + n + 1. Let m be k(-1). Let f(a) = a**3 - 17*a**2 + 31*a - 16. Let r be f(16). What is the greatest common factor of r and m?
32
Suppose -3*x + 6 = -3. Let p = -33 + 54. Let a be ((p - 1) + 1)/1. Calculate the highest common factor of x and a.
3
Suppose 0 = 2*m - 4*a - 16, -4*m = -m + 3*a - 6. Suppose -5*k = -k + 192. Let c = -20 - k. What is the highest common divisor of m and c?
4
Let w(u) = 5*u**2 + 19*u + 46. Let v be w(-9). What is the highest common factor of v and 112?
56
Suppose 124*s - 122*s - 112 = 0. What is the highest common divisor of 210 and s?
14
Let y(s) = s + 18. Let h be y(6). Let j be -2*1 + -2 + 9. Suppose j*n - n = 12. What is the highest common factor of n and h?
3
Let b = 1118 - 1058. Calculate the highest common factor of b and 390.
30
Let p be 248/16 + 1/2. Let d = p + -5. Suppose -2*f = -4*r + 136, 6 - 10 = 2*f. Calculate the greatest common factor of r and d.
11
Let g be (1275/34)/(3/2). What is the highest common divisor of 275 and g?
25
Suppose f - 44 = -o + 3*f, 0 = 3*f - 9. Suppose y - j - 27 = 0, 4*y - 4*j - o = 2*y. Let u be 61 - (0 + 5 - 2). Calculate the greatest common factor of y and u.
29
Suppose 4*h - 12 = m, -3*m - 7 - 3 = h. Suppose 3*p - 2*p = -a + 8, 4*p + 22 = 2*a. Let n be a - -1 - (18 - 16). What is the highest common factor of n and h?
2
Let l(z) = z + 40. Let c be l(0). Let u be ((-28)/12)/(2/(-6)) + 3. What is the greatest common factor of u and c?
10
Suppose 0 = -12*i + 3529 - 409. Let z = i - 125. What is the highest common factor of 30 and z?
15
Suppose -p + 4 = 3*q, 5*q - 2 + 6 = -p. Calculate the highest common factor of 8 and p.
8
Let m = -995 - -1040. Calculate the highest common factor of m and 27.
9
Suppose -20 - 4 = -4*t. Let z be (-3 - -2) + -4 + t. Calculate the highest common factor of z and 5.
1
Let f be (6 - 56/8)*3/(-1). Calculate the highest common divisor of f and 120.
3
Suppose 0 = -2*s + s + 5*l + 46, 4 = -2*l. Calculate the highest common divisor of 18 and s.
18
Let g(f) = -8*f**3 - f**2 - f. Let j be g(-1). Let q(s) = s**3 - 8*s**2 + 85*s - 552. Let b be q(8). What is the highest common divisor of b and j?
8
Let y = 382 - 338. Calculate the highest common factor of y and 1892.
44
Let z = -20 + -1. Let h = z - -37. Calculate the greatest common factor of h and 48.
16
Let m = 283 + -157. Let r be 8/(1/(-61)*-2). Suppose 0 = q + 3*q + 4*u - r, 2*q + 3*u = m. What is the greatest common divisor of q and 38?
19
Let h = 423 + -269. Suppose -2*a = 5*l - 6*a + h, -3*a = 4*l + 117. Let f = l - -51.